033?
-1100
In base 12, what is 2 + -29?
-27
In base 2, what is 111100 - 10?
111010
In base 7, what is -1 - -1201?
1200
In base 7, what is 2 + -344?
-342
In base 16, what is -1 + c?
b
In base 2, what is -1110000 + -1100?
-1111100
In base 6, what is 10 + -421?
-411
In base 11, what is -7 - 6?
-12
In base 12, what is b - 38?
-29
In base 2, what is 10011001 - -10?
10011011
In base 11, what is -3415 + 3?
-3412
In base 6, what is 2 - -14552?
14554
In base 16, what is 12 + 506?
518
In base 16, what is -10 + -2?
-12
In base 8, what is 2 - 723?
-721
In base 16, what is -3 + -a?
-d
In base 13, what is -3 + 16b?
168
In base 6, what is -10352 + 10?
-10342
In base 12, what is -b - 12?
-21
In base 4, what is 231 + -3?
222
In base 13, what is -234 - -5?
-22c
In base 7, what is -43 - -145?
102
In base 3, what is 222210 + 1201?
1001111
In base 6, what is 42 + -122?
-40
In base 10, what is -785 - -3?
-782
In base 6, what is -5 - 151?
-200
In base 7, what is -16224 + -2?
-16226
In base 3, what is 120 - -101?
221
In base 4, what is 3 + -2?
1
In base 16, what is 1559 + -2?
1557
In base 14, what is -5 + b?
6
In base 5, what is -120 - 3401?
-4021
In base 4, what is -11 - 22?
-33
In base 7, what is -155 - 12?
-200
In base 2, what is 100010110001 - 101?
100010101100
In base 2, what is -111001010 + -111?
-111010001
In base 3, what is -1022001 - 12?
-1022020
In base 7, what is -3 - 55?
-61
In base 5, what is 12 + 113?
130
In base 12, what is 738 - -3?
73b
In base 10, what is -16 - -1?
-15
In base 8, what is -20 - -5?
-13
In base 9, what is -32 - 140?
-172
In base 6, what is 102 + -2?
100
In base 2, what is -101 - 101110?
-110011
In base 3, what is 121 + -202121?
-202000
In base 12, what is -3 + -3754?
-3757
In base 6, what is 3 - -102?
105
In base 4, what is 3 + -11221?
-11212
In base 4, what is 2 - 303?
-301
In base 5, what is -3 + 2232?
2224
In base 9, what is -176 + -5?
-182
In base 3, what is 111212 - 2?
111210
In base 8, what is -1 - -361?
360
In base 16, what is -cb - 0?
-cb
In base 16, what is d - -2?
f
In base 10, what is 24 + 274?
298
In base 10, what is 2 + 305?
307
In base 12, what is 60 + -1?
5b
In base 2, what is -1010 + 1111100010?
1111011000
In base 3, what is -200 - 2?
-202
In base 2, what is 101 + 110010?
110111
In base 9, what is 23 + 10?
33
In base 11, what is 568 - -4?
571
In base 8, what is 120 - -60?
200
In base 10, what is -24 + -662?
-686
In base 2, what is 110010 - -11000?
1001010
In base 14, what is 0 + 15?
15
In base 10, what is -11 - 441?
-452
In base 10, what is -3 - 71?
-74
In base 11, what is -7 - 31?
-38
In base 14, what is 4 + -79a?
-796
In base 9, what is 177 + -5?
172
In base 10, what is -5 - 3409?
-3414
In base 8, what is -44 - -21?
-23
In base 5, what is -12 - 23?
-40
In base 5, what is 10 + -113?
-103
In base 5, what is 1 + 142?
143
In base 10, what is -15 - 35?
-50
In base 5, what is 24 + 402?
431
In base 6, what is -2 + 510?
504
In base 2, what is 1 + 1100000?
1100001
In base 5, what is -41 - 1?
-42
In base 14, what is -16 - -14?
-2
In base 2, what is 11 - -100001?
100100
In base 8, what is -25633 - 5?
-25640
In base 12, what is -a - -1877?
1869
In base 5, what is -1212 - 0?
-1212
In base 11, what is -74 + -33?
-a7
In base 10, what is -241 - -5?
-236
In base 10, what is 2583 - 5?
2578
In base 6, what is 10505 - -2?
10511
In base 14, what is 4 - -29?
2d
In base 3, what is -22121211 - 10?
-22121221
In base 14, what is 9d4 + 5?
9d9
In base 16, what is -ff + -5?
-104
In base 6, what is -5 - -554?
545
In base 5, what is -1314 - 3?
-1322
In base 5, what is -12310 + -1?
-12311
In base 10, what is -519 - 6?
-525
In base 15, what is -5 + 10ec?
10e7
In base 4, what is -10 + -10023?
-10033
In base 14, what is -2 - -1?
-1
In base 5, what is -1311 + 11?
-1300
In base 5, what is -120 + 343?
223
In base 3, what is -10 + -10212?
-10222
In base 15, what is -3 - 30?
-33
In base 13, what is 25 - -a?
32
In base 12, what is 3 + 41?
44
In base 8, what is 7 - -303?
312
In base 15, what is 14 - 59?
-45
In base 9, what is -5 + -746?
-752
In base 14, what is 1a8 - -1?
1a9
In base 14, what is 0 - -45a?
45a
In base 11, what is -1169 + -3?
-1171
In base 4, what is 1131 + 1?
1132
In base 7, what is 11666 + -2?
11664
In base 11, what is -253 - -4?
-24a
In base 6, what is 2 + -34?
-32
In base 13, what is -8 + -121?
-129
In base 12, what is -1b - -172?
153
In base 4, what is -1112 - -10?
-1102
In base 13, what is -115 + 5?
-110
In base 2, what is 1 + 1010011?
1010100
In base 9, what is 5 - -1688?
1704
In base 15, what is -5 + -8?
-d
In base 8, what is -317 - 5?
-324
In base 3, what is 10000 + 20?
10020
In base 2, what is -10010 - 100111?
-111001
In base 14, what is -3 + -21?
-24
In base 2, what is 10 - -11111100?
11111110
In base 11, what is -6 + -2a9?
-304
In base 9, what is -58 - 10?
-68
In base 11, what is 1 - -39?
3a
In base 15, what is 24 + 15?
39
In base 10, what is 744 + 3?
747
In base 6, what is -12 - -40?
24
In base 3, what is 2002 + 11?
2020
In base 7, what is 40 + 0?
40
In base 9, what is -3 + -41?
-44
In base 15, what is -2c4 - -2?
-2c2
In base 11, what is 5 - 425?
-420
In base 11, what is -4 - 57?
-60
In base 12, what is -5 + -a9?
-b2
In base 15, what is 266 + -5?
261
In base 8, what is -4 - 603?
-607
In base 14, what is -39 - -19?
-20
In base 4, what is -1 - -101301?
101300
In base 2, what is -111010001 + -110?
-111010111
In base 16, what is 5 + 18?
1d
In base 5, what is -104 + 224?
120
In base 16, what is a6 + 2?
a8
In base 9, what is -3 + -401?
-404
In base 15, what is -28 - 8?
-31
In base 16, what is 1 + 5f?
60
In base 16, what is -809 + -5?
-80e
In base 6, what is -505 + -40?
-545
In base 8, what is -33 + -1346?
-1401
In base 8, what is -2 - 616?
-620
In base 4, what is -11001 + 0?
-11001
In base 10, what is -2 - 34?
-36
In base 8, what is -11 + 141?
130
In base 16, what is -13 + 4?
-f
In base 14, what is -5d + -1?
-60
In base 6, what is 42 - 33?
5
In base 3, what is 102 + -22?
10
In base 13, what is -1243 - 3?
-1246
In base 5, what is -10 + -1020?
-1030
In base 3, what is -12 + -110?
-122
In base 7, what is 4 + -1261?
-1254
In base 5, what is -404 - -4?
-400
In base 16, what is -f - 5?
-14
In base 9, what is -111 - 2?
-113
In base 5, what is -1 - -100440?
100434
In base 7, what is -55 + -331?
-416
In base 2, what is -110 - 100111011000?
-100111011110
In base 6, what is 55 + 5?
104
In base 7, what is -3 - 2412?
-2415
In base 12, what is -2 - 1b56?
-1b58
In base 12, what is -5 + 269?
264
In base 2, what is -110010 - 1001011?
-1111101
In base 11, what is 2 - -62?
64
In base 9, what is -6865 - 4?
-6870
In base 13, what is 7 - -75?
7c
In base 8, what is -4 - -77?
73
In base 15, what is -1ed + -18?
-216
In base 12, what is -1b06 - 7?
-1b11
In base 13, what is 114 + 1?
115
In base 5, what is -10 - -41313?
41303
In base 14, what is 6a7 - -4?
6ab
In base 16, what is 3 + 69?
6c
In base 15, what is -44 - -25?
-1e
In base 4, what is -102 + 1312?
1210
In base 16, what is 1 + -ca?
-c9
In base 15, what is -9be6 - 1?
-9be7
In base 12, what is -11 + 103?
b2
In base 2, what is -100 - 10010010?
-10010110
In base 16, what is 3 - -54a?
54d
In base 11, what is 4 - -74?
78
In base 12, what is 1b08 + -4?
1b04
In base 14, what is 110 - -12?
122
In base 2, what is 1001100111001 + -100?
1001100110101
In base 13, what is -82 + -2c?
-b1
In base 11, what is 3 - -46?
49
In base 5, what is 1 + -24321?
-24320
In base 2, what is 0 + 101010?
101010
In base 11, what is -17 - -4?
-13
In base 15, what is 0 + -887?
-887
In base 11, what is -23 + -200?
-223
In base 9, what is 2 + -17?
-15
In base 7, what is -4 + 1351?
1344
In base 13, what is 137 + 55?
18c
In base 14, what is -16 - -35?
1d
In base 12, what is -5 + 57?
52
In base 11, what is -3a3 - -5?
-399
In base 13, what is -6 + -2715?
-271b
In base 11, what is 54 - 295?
-241
In base 4, what is -230 - 12?
-302
In base 15, what is -4 + -1d?
-22
In base 15, what is -1a + 1c?
2
In base 7, what is 2 - 554?
-552
In base 2, what is 11010010 - 10001?
11000001
In base 9, what is 3 - -1566?
1570
In base 15, what is 203 + -2?
201
In base 10, what is -46 - 41?
-87
In base 2, what is -1010100110011 - 11?
-1010100110110
In base 15, what is -dc + 6?
-d6
In base 8, what is 6270 - 3?
6265
In base 2, what is -1 - 11100000101?
-11100000110
In b